 250 divide 1993250?
True
Is 230 a factor of 431657?
False
Is 147422 a multiple of 34?
False
Does 99 divide 2272545?
True
Does 32 divide 6820256?
True
Does 10 divide 3171?
False
Is 7 a factor of 13545?
True
Is 1955782 a multiple of 34?
True
Is 82 a factor of 7420754?
True
Is 16 a factor of 10905696?
True
Is 661283 a multiple of 17?
True
Does 29 divide 74878?
True
Is 257869 a multiple of 750?
False
Is 15 a factor of 14625?
True
Does 286 divide 411712?
False
Is 882364 a multiple of 36?
False
Does 147 divide 491862?
True
Does 105 divide 38850?
True
Is 390 a factor of 419513?
False
Does 86 divide 2348077?
False
Does 499 divide 415627?
False
Does 5 divide 97160?
True
Does 555 divide 1648350?
True
Is 8 a factor of 124407?
False
Is 104250 a multiple of 417?
True
Is 135 a factor of 108984?
False
Is 8 a factor of 9152458?
False
Does 21 divide 1510966?
False
Is 13668187 a multiple of 23?
True
Does 25 divide 14936?
False
Does 134 divide 2565162?
True
Does 214 divide 1241731?
False
Is 150 a factor of 195467?
False
Is 47 a factor of 302116?
True
Does 13 divide 8095218?
False
Is 57 a factor of 147614?
False
Is 605 a factor of 729183?
False
Is 5 a factor of 92917?
False
Does 182 divide 525616?
True
Is 249298 a multiple of 52?
False
Is 1453086 a multiple of 8?
False
Does 65 divide 607364?
False
Is 371 a factor of 223557?
False
Is 203247 a multiple of 11?
True
Is 8514380 a multiple of 997?
True
Does 122 divide 31814?
False
Does 1759 divide 7021928?
True
Is 51 a factor of 9729441?
False
Is 169865 a multiple of 162?
False
Is 141218 a multiple of 13?
False
Is 121 a factor of 4799193?
False
Is 31777 even?
False
Is 11 a factor of 99649?
True
Is 273 a factor of 117117?
True
Does 945 divide 578340?
True
Does 28 divide 37351?
False
Does 23 divide 734757?
False
Is 172935 a multiple of 21?
True
Does 10 divide 353269?
False
Is 81 a factor of 62407?
False
Does 19 divide 110803?
False
Is 591815 a multiple of 7?
True
Is 21 a factor of 41244?
True
Is 13 a factor of 717726?
False
Does 10 divide 2416038?
False
Is 1180509 even?
False
Is 108 a factor of 1346652?
True
Is 542 a factor of 28612180?
True
Does 122 divide 43096?
False
Is 6 a factor of 147605?
False
Is 3 a factor of 3005007?
True
Does 19 divide 783009?
True
Is 35 a factor of 5551235?
False
Does 42 divide 179994?
False
Does 270 divide 17898030?
True
Does 38 divide 67450?
True
Is 15 a factor of 63510?
True
Does 45 divide 365085?
True
Is 25084433 a multiple of 28?
False
Is 3998346 a multiple of 41?
False
Is 149 a factor of 7460966?
False
Is 6 a factor of 283218?
True
Does 227 divide 1538152?
True
Does 96 divide 301981?
False
Does 19 divide 3243226?
False
Is 114114 a multiple of 266?
True
Is 18 a factor of 214128?
True
Is 32857 a multiple of 43?
False
Does 69 divide 61134?
True
Does 19 divide 59078?
False
Does 33 divide 435006?
True
Is 127600 a multiple of 51?
False
Does 27 divide 1670247?
True
Is 55 a factor of 210430?
True
Does 10 divide 1161090?
True
Does 21 divide 420863?
False
Does 453 divide 418124?
False
Is 160 a factor of 61260?
False
Does 204 divide 4406196?
True
Is 545778 a multiple of 18?
True
Is 377 a factor of 248223?
False
Is 302451 a multiple of 6?
False
Is 31 a factor of 160084?
True
Is 16 a factor of 4875213?
False
Is 205570 a multiple of 70?
False
Is 772 a factor of 245496?
True
Is 105 a factor of 996098?
False
Does 8 divide 45150?
False
Is 8 a factor of 167776?
True
Is 7 a factor of 1581552?
True
Is 52 a factor of 37544?
True
Is 383 a factor of 768125?
False
Is 286 a factor of 500214?
True
Does 10 divide 193560?
True
Does 35 divide 814030?
True
Does 12 divide 386082?
False
Is 69016 even?
True
Does 380 divide 680557?
False
Is 68 a factor of 14789252?
True
Is 1010604 a multiple of 21?
True
Is 32 a factor of 81792?
True
Is 3 a factor of 291074?
False
Is 4 a factor of 885525?
False
Does 235 divide 1413290?
True
Is 73 a factor of 361804?
False
Does 85 divide 677206?
False
Does 10 divide 19980?
True
Is 7068 a multiple of 4?
True
Is 28504256 a multiple of 19?
True
Is 302096 a multiple of 478?
True
Is 108757 a multiple of 93?
False
Is 85 a factor of 99911?
False
Is 634323 a multiple of 828?
False
Is 814157 a multiple of 24?
False
Does 27 divide 2109411?
False
Does 815 divide 5355365?
True
Is 1000263 a multiple of 132?
False
Is 53300 a multiple of 52?
True
Is 46092 a multiple of 23?
True
Is 15 a factor of 5735790?
True
Does 106 divide 317152?
True
Is 200984 a multiple of 14?
True
Is 1484 a factor of 1971999?
False
Does 1070 divide 224700?
True
Does 402 divide 21058?
False
Is 25 a factor of 27139891?
False
Does 13 divide 165798?
False
Is 715 a factor of 9082369?
False
Does 49 divide 732247?
False
Is 15 a factor of 1696605?
True
Does 212 divide 2753244?
True
Is 218520 a multiple of 360?
True
Is 1167432 a multiple of 168?
True
Does 36 divide 451296?
True
Is 1052481 even?
False
Is 65 a factor of 1119235?
True
Is 8583698 a multiple of 413?
False
Is 18 a factor of 4492965?
False
Is 10 a factor of 4567962?
False
Is 449281 a multiple of 53?
True
Is 749664 a multiple of 57?
True
Is 1847244 a multiple of 2?
True
Is 428730 a multiple of 93?
True
Is 21749 a multiple of 41?
False
Is 155 a factor of 162614?
False
Does 129 divide 2387919?
True
Does 111 divide 298035?
True
Is 23584 a multiple of 26?
False
Is 1090 a multiple of 61?
False
Is 359996 a multiple of 989?
True
Is 167 a factor of 3196046?
True
Does 99 divide 799152?
False
Is 421267 a multiple of 723?
False
Is 2390056 a multiple of 2?
True
Does 560 divide 309120?
True
Does 18 divide 34582?
False
Does 208 divide 192421?
False
Does 919 divide 1988528?
False
Is 14 a factor of 511812?
True
Is 776174 a multiple of 776?
False
Is 588 a factor of 9702846?
False
Is 4678995 a multiple of 933?
True
Is 72 a factor of 106560?
True
Does 15 divide 244350?
True
Does 50 divide 154150?
True
Is 301443 a multiple of 568?
False
Is 2815481 a multiple of 163?
False
Is 10 a factor of 2240910?
True
Is 1127 a factor of 7874246?
False
Is 266 a factor of 22862146?
False
Does 3 divide 123621?
True
Is 8792243 a multiple of 51?
False
Is 624734 a multiple of 193?
False
Is 527440 a multiple of 38?
True
Is 12370 even?
True
Is 154380 a multiple of 93?
True
Does 1644 divide 16614997?
False
Is 35 a factor of 279340?
False
Is 69090 a multiple of 70?
True
Is 5 a factor of 422785?
True
Is 5 a factor of 2563739?
False
Is 129 a factor of 1379268?
True
Is 235094 a multiple of 119?
False
Is 4818870 a multiple of 415?
False
Is 2516453 a multiple of 23?
True
Is 138912 a multiple of 96?
True
Is 2111131 a multiple of 303?
False
Is 3697455 a multiple of 4?
False
Is 6229548 a multiple of 324?
True
Is 726456 a multiple of 24?
True
Is 3981937 a multiple of 144?
False
Is 53 a factor of 9829684?
False
Is 32 a factor of 63460?
False
Does 30 divide 42300?
True
Is 173564 a multiple of 15?
False
Is 4294236 a multiple of 449?
True
Is 622872 a multiple of 24?
True
Is 1083844 a multiple of 17?
False
Is 75 a factor of 178125?
True
Is 703160 a multiple of 280?
False
Does 656 divide 3509957?
False
Does 27 divide 2170422?
True
Does 1699 divide 7637005?
True
Is 28 a factor of 2524676?
True
Is 5501725 a multiple of 25?
True
Does 3 divide 247371?
True
Is 561360 a multiple of 30?
True
Does 498 divide 1500082?
False
Is 10 a factor of 1729744?
False
Does 9 divide 149022?
True
Is 30504 a multiple of 3?
True
Does 28 divide 475384?
True
Is 68 a factor of 231200?
True
Is 59 a factor of 7257708?
True
Does 15 divide 61035?
True
Is 1931452 a multiple of 13?
False
Is 438144 a multiple of 146?
False
Is 390189 a multiple of 40?
False
Does 25 divide 34425?
True
Does 19 divide 1319221?
False
Is 47120 a multiple of 19?
True
Is 165 a factor of 287595?
True
Is 115 a factor of 6554173?
False
Does 357 divide 2798778?
False
Does 315 divide 22050?
True
Is 257 a factor of 1058069?
True
Does 31 divide 65007?
True
Does 20 divide 922708?
False
Does 6 divide 184138?
False
Is 605 a factor of 7080315?
True
Is 81903 a multiple of 23?
True
Does 49 divide 1888785?
False
Is 56 a factor of 8590?
False
Is 83 a factor of 1518900?
True
Does 7 divide 503482?
True
Is 5020512 a multiple of 14?
True
Is 64 a factor of 7677568?
True
Is 104194 a multiple of 59?
True
Is 8 a factor of 279912?
True
Is 13575 a multiple of 75?
True
Does 23 divide 404156?
True
Does 8 divide 329811?